*m + 4*q - 296. Let o = -84 - m. List the prime factors of o.
2, 37
Let i(q) = -q**3 + 11*q**2 - 6*q - 10. Let j be i(11). List the prime factors of j/(-95) - (-132)/10.
2, 7
Let j be 9/(-15) + (-126)/(-10). Suppose d + 2 = -3*r + j, 4*r + 5*d - 28 = 0. Suppose 297 = 5*p + 4*t, -3*p + 54 = -r*p - t. List the prime factors of p.
3, 19
Let c(q) = q**3 - 15*q**2 + 18*q - 16. Let i(k) = -k**3 + k**2 - k + 14. Let t be i(0). List the prime factors of c(t).
2, 5
Suppose -8*p - p = 18. What are the prime factors of (35/(-15) - p)*-30?
2, 5
Let k = -33 - -35. List the prime factors of (k/14 - 0) + 216/7.
31
Let q(r) = -2*r**2 - 26*r - 7. Let u be q(-13). List the prime factors of u/(28/(-624)) - 1*3.
3, 17
Suppose -5 = 2*n - t - 19, 4*n - 4*t - 32 = 0. List the prime factors of (-675)/(-18)*n/5.
3, 5
Let x = -78 + 89. Suppose -7*y = -x*y + 120. List the prime factors of y.
2, 3, 5
Suppose 7*l + 26*l = 23727. What are the prime factors of l?
719
Let s(d) = 4*d**2 - 3*d + 3. Let o = -46 - -53. What are the prime factors of s(o)?
2, 89
Let x(d) = d**3 - 8*d**2 - 9*d - 5. Let l be x(9). Let i(w) = w**2 + 6*w - 5. Let y be i(l). Let s(r) = -r**2 - 12*r + 6. List the prime factors of s(y).
2, 13
Let k(v) = 303*v + 61. What are the prime factors of k(2)?
23, 29
Suppose 5*d + 0*d + 95 = 0. Let x(g) = 5*g - 14. Let t be x(7). Let m = d + t. List the prime factors of m.
2
Suppose 0 = -d - 5*v + 9*v + 289, -5*d - 4*v = -1349. What are the prime factors of d?
3, 7, 13
Let k = -741 + 1345. Suppose 12*s + k = 2248. What are the prime factors of s?
137
Let z = 24 + -152. Let j = -53 - z. What are the prime factors of j?
3, 5
Let a be ((-5)/2)/(15/4 + -5). What are the prime factors of 1/a*((3 - -4) + 481)?
2, 61
Let t be (2/4)/(((-9)/518)/(-9)). Suppose t + 257 = 4*g. List the prime factors of g.
3, 43
Let a = 41 + -41. Suppose 7*q - q - 480 = a. List the prime factors of q.
2, 5
Suppose f - 61 = w, -5*w = f - 38 - 23. Let h = f - 19. Suppose -r - r = -h. What are the prime factors of r?
3, 7
Let y(k) = -16*k**2 - 22*k + 6. Let j(d) = 5*d**2 + 7*d - 2. Let s(b) = 7*j(b) + 2*y(b). Suppose -5*a + 8 = 28. What are the prime factors of s(a)?
2, 13
Suppose 0 = -5*w - 5*r + 50, 0 = w + r + r - 15. Suppose -w*h + 62 = -248. Suppose -3*k = -4*f - 67, k - 4*k + 5*f = -h. What are the prime factors of k?
29
Let d(x) = -62*x - 1. Let r be d(-2). Let b be r/12 - 1/4. List the prime factors of (3 + 4 + -2)*b.
2, 5
Suppose 1860 = 2*r - 466. Suppose 4*o + 123 = r. What are the prime factors of o?
2, 5, 13
Let b(g) = 5*g**2 + g + 12. Let r(a) = -3*a**2 - a - 6. Let h(y) = 4*b(y) + 7*r(y). What are the prime factors of h(0)?
2, 3
Let m(y) = 2*y**2 - 4*y + 20. Let l be m(10). What are the prime factors of ((-10)/(-6))/((-714)/l + 4)?
2, 5
Suppose 137*l + 4008 = 141*l. What are the prime factors of l?
2, 3, 167
Suppose 4*k + 1 = -3. Let w be (6 + -5)/(k/(-19)). Suppose -2*q = -m - 0*q + w, -8 = 4*q. What are the prime factors of m?
3, 5
Suppose -d = -a - 7, 3*d - 7*d = 4*a - 4. Suppose -4*o + 98 = -u, 4*u - 112 = -d*o - o. List the prime factors of o.
2, 3
What are the prime factors of (-8332)/(-5) + (-902)/55 + 17?
1667
Let m(z) = -z**2 + 14*z + 1. Let s be m(15). Let n be (60/s)/(-5)*-7. What are the prime factors of n/10 - (-146)/10?
2, 7
Let v(b) = b. Let c(k) = -7*k + 4. Let q(i) = c(i) - 4*v(i). What are the prime factors of q(-12)?
2, 17
Suppose -5*v + 7732 = -v + 4*k, 5*v - 3*k = 9633. List the prime factors of v.
3, 643
Suppose 885 = 22*g - 19*g. Suppose -3*p = 2*p - g. What are the prime factors of p?
59
Let g = 39 - -3. What are the prime factors of g?
2, 3, 7
Let m = 216 + -116. Suppose -6 = -2*s + g - 5*g, -5*s = -4*g - 15. Suppose s*b = 3*u + 16 + 44, u = 5*b - m. What are the prime factors of b?
2, 5
Suppose 0 = -4*n + 3*q + 60, 4*q = -3*n - n + 88. Suppose 2*b + 4*y = -22, -6*b + 4*y = -2*b - 4. Let r = n + b. List the prime factors of r.
3, 5
Suppose 0*b - 280 = -3*b + 4*z, 0 = 4*b + z - 367. Suppose -m - 3*s = m - b, -138 = -3*m - 4*s. List the prime factors of m.
2, 23
Suppose -57*q - 133960 = -97*q. What are the prime factors of q?
17, 197
Suppose 2*k = -5*v + 30, -4*v = k + 2 - 23. What are the prime factors of -84*((-45)/10 + v)?
2, 3, 7
Suppose -q + 2*h = -2*q + 143, 4*q = 2*h + 572. What are the prime factors of q?
11, 13
Let r(u) = u**2 + 10. Let w = -9 + 3. What are the prime factors of r(w)?
2, 23
Let q(w) = -w + 35. Suppose 4*u = 5*v + 16, -2*v + 3*u - 12 = -3*v. Let m be q(v). Suppose -a = s - 5*a - m, -101 = -4*s + 3*a. List the prime factors of s.
23
Suppose n - 5*n + 52 = 0. Let y(h) = h**2 - 13*h + 3. Let l be y(n). Let s(j) = -j**3 + 5*j**2 - 3*j - 4. What are the prime factors of s(l)?
5
Let l(c) = c + 21. Let x be l(-9). Let j be 3*(-1)/(x/(-32)). Suppose j*a - 3*a - 100 = 0. What are the prime factors of a?
2, 5
Let v be (-2)/(((-16)/(-30))/4). Let z(p) = p + 16. Let n be z(v). Let l(h) = 32*h**3 - h**2. What are the prime factors of l(n)?
31
List the prime factors of (-3255)/(-12) - 12/(-16).
2, 17
Suppose -5*n - 23 = -2*x, -x - 4*n - 52 = -5*x. Suppose -o + 74 = -x. What are the prime factors of o?
2, 11
Suppose -2*i - 6 = -s, 0 = 2*s - 2*i + i - 24. Suppose 0 = -n - s*n + 1515. List the prime factors of n.
101
Let t(q) = -q**2 + 12*q - 8. Let l(k) = 2*k - 6. Let g(s) = s**3 - 5*s**2 - 4*s - 5. Let b be g(6). Let m be l(b). What are the prime factors of t(m)?
2, 3
Let v(t) = 6 + 5*t**2 + 18*t - 15 - 2*t**2. What are the prime factors of v(-9)?
2, 3
Let k be -7*(-5)/(35/2). Suppose -3*j = k - 11. Let a = j - -3. List the prime factors of a.
2, 3
Let h(x) = x**2 + 3. Let w be h(0). Suppose 0 = 4*z - 8, w*z + 113 = 4*k - 65. Suppose 5*f - 7*f + k = 0. List the prime factors of f.
23
Suppose -9*i + 27 = -0. Suppose -i*t - 124 + 208 = 0. What are the prime factors of t?
2, 7
Suppose -a = -13 + 12. Let i = -2 - -1. List the prime factors of a*(23 + 2/i).
3, 7
Let d be 1/((-1)/(-39)*-1). Let o = -79 + 52. Let m = o - d. What are the prime factors of m?
2, 3
Let k be (3/1)/(-3) + -6. Let l = k - -17. Suppose 0 = -2*r + 7*r - l. What are the prime factors of r?
2
Suppose -h - 3*y = -3*h + 1489, 0 = 3*y + 9. What are the prime factors of h?
2, 5, 37
Let g(z) = z**3 + 5*z**2 - 3*z - 3. Let w be g(-5). Suppose 3*u - 5*u + w = 0. Suppose -117 = -u*d + 255. What are the prime factors of d?
2, 31
Let c = -1986 + 3071. List the prime factors of c.
5, 7, 31
Let i(t) = 12*t**2 - t + 2. Let o be i(1). Suppose g = -0*g - 3*c - o, g - 4*c + 6 = 0. Let j = 24 - g. List the prime factors of j.
2, 17
Let m = -215 + 365. What are the prime factors of m?
2, 3, 5
Suppose -4*u - 3*n = -46, u - 8*n = -4*n + 21. Let c = -1 + u. Suppose 0 = c*i - 7*i - 140. List the prime factors of i.
2, 7
Suppose 6*d = 3*d + 156. Suppose 150 = 2*y + 3*y. Let b = d - y. List the prime factors of b.
2, 11
Let c be 7914/33 - (-8)/44. Suppose -2*d + 96 = 2*i, -i = 5*d - 0*i - c. List the prime factors of d.
2, 3
Let d be (63/5)/3*-5. Let y = d + 40. What are the prime factors of y?
19
Suppose 7*z - 35 = -0*z. Suppose 65 = z*w + 20. List the prime factors of w.
3
Let n = -1 - -479. What are the prime factors of n?
2, 239
Let n = 201 + 258. What are the prime factors of n?
3, 17
Let w(d) = 194*d + 3. Let t(v) = -195*v - 2. Let s(a) = -4*t(a) - 3*w(a). What are the prime factors of s(1)?
197
Let f = 24 + -22. Suppose 65 = 3*p + f*p. What are the prime factors of p?
13
Let l = 1248 + -424. List the prime factors of l.
2, 103
List the prime factors of 107216/176 - 6/33.
3, 7, 29
Let p(r) = r**3 + 1. Suppose 3*n - 18 = -4*f, 0 = -n + 4*n - 4*f + 6. Suppose 0 = -5*j - 5*i, -5*i - 2 = n*j - i. What are the prime factors of p(j)?
2
Let g(r) = 7*r**2 - 27*r + 42. What are the prime factors of g(8)?
2, 137
Suppose -3*v - v = -52. Suppose 0 = -5*u - 22 - v. Let k = -4 - u. What are the prime factors of k?
3
Let c(s) = -15*s**3 - s**2 - 16*s - 40. What are the prime factors of c(-5)?
2, 3, 5, 7
Suppose -9*i = -1345 - 10697. What are the prime factors of i?
2, 3, 223
What are the prime factors of 547*((-5)/15 - (-4)/3)?
547
Let s(f) = -62*f + 35. What are the prime factors of s(-21)?
7, 191
Let i(d) = d**3 - 2*d**2 - d - 5. What are the prime factors of i(5)?
5, 13
Suppose 43 + 901 = 16*y. List the prime